{"id":1310,"date":"2024-02-23T12:38:07","date_gmt":"2024-02-23T12:38:07","guid":{"rendered":"https:\/\/ofycumi.com\/?page_id=1310"},"modified":"2024-04-11T06:32:31","modified_gmt":"2024-04-11T06:32:31","slug":"plan-de-sostenibilidad-turistica-en-destino","status":"publish","type":"page","link":"https:\/\/ofycumi.com\/index.php\/plan-de-sostenibilidad-turistica-en-destino\/","title":{"rendered":"Plan de Sostenibilidad Tur\u00edstica en Destino"},"content":{"rendered":"\t\t<div data-elementor-type=\"wp-page\" data-elementor-id=\"1310\" class=\"elementor elementor-1310\">\n\t\t\t\t\t\t\t<div class=\"elementor-element elementor-element-a256574 e-flex e-con-boxed e-con e-parent\" data-id=\"a256574\" data-element_type=\"container\" data-settings=\"{&quot;content_width&quot;:&quot;boxed&quot;}\" data-core-v316-plus=\"true\">\n\t\t\t\t\t<div class=\"e-con-inner\">\n\t\t\t\t<div class=\"elementor-element elementor-element-843cdc5 elementor-widget elementor-widget-text-editor\" data-id=\"843cdc5\" data-element_type=\"widget\" data-widget_type=\"text-editor.default\">\n\t\t\t\t<div class=\"elementor-widget-container\">\n\t\t\t<style>\/*! elementor - v3.16.0 - 20-09-2023 *\/\n.elementor-widget-text-editor.elementor-drop-cap-view-stacked .elementor-drop-cap{background-color:#69727d;color:#fff}.elementor-widget-text-editor.elementor-drop-cap-view-framed .elementor-drop-cap{color:#69727d;border:3px solid;background-color:transparent}.elementor-widget-text-editor:not(.elementor-drop-cap-view-default) .elementor-drop-cap{margin-top:8px}.elementor-widget-text-editor:not(.elementor-drop-cap-view-default) .elementor-drop-cap-letter{width:1em;height:1em}.elementor-widget-text-editor .elementor-drop-cap{float:left;text-align:center;line-height:1;font-size:50px}.elementor-widget-text-editor .elementor-drop-cap-letter{display:inline-block}<\/style>\t\t\t\t<p><strong>OFYCUMI se ocupa desde este 2024 de la gerencia del Plan de Sostenibilidad Tur\u00edstica en Destino de la Comarca de Cuencas Mineras.\u00a0<\/strong><\/p><p><strong>Este Plan consiste en la adecuaci\u00f3n hasta las Ventas de Muniesa de la antigua l\u00ednea de Ferrocarril que un\u00eda Utrillas con Zaragoza y el tramo de la antigua l\u00ednea de ferrocarril que un\u00eda Teruel con Alca\u00f1iz.\u00a0<\/strong><\/p><p><strong>En esta p\u00e1gina iremos documentando el avance del proyecto.<\/strong><\/p>\t\t\t\t\t\t<\/div>\n\t\t\t\t<\/div>\n\t\t\t\t\t<\/div>\n\t\t\t\t<\/div>\n\t\t<div class=\"elementor-element elementor-element-2d4f6ae e-flex e-con-boxed e-con e-parent\" data-id=\"2d4f6ae\" data-element_type=\"container\" data-settings=\"{&quot;content_width&quot;:&quot;boxed&quot;}\" data-core-v316-plus=\"true\">\n\t\t\t\t\t<div class=\"e-con-inner\">\n\t\t<div class=\"elementor-element elementor-element-1ffa476 e-con-full e-flex e-con e-child\" data-id=\"1ffa476\" data-element_type=\"container\" data-settings=\"{&quot;content_width&quot;:&quot;full&quot;}\">\n\t\t\t\t<div class=\"elementor-element elementor-element-cb52c63 elementor-widget elementor-widget-image\" data-id=\"cb52c63\" data-element_type=\"widget\" data-widget_type=\"image.default\">\n\t\t\t\t<div class=\"elementor-widget-container\">\n\t\t\t<style>\/*! elementor - v3.16.0 - 20-09-2023 *\/\n.elementor-widget-image{text-align:center}.elementor-widget-image a{display:inline-block}.elementor-widget-image a img[src$=\".svg\"]{width:48px}.elementor-widget-image img{vertical-align:middle;display:inline-block}<\/style>\t\t\t\t\t\t\t\t\t\t\t\t<img loading=\"lazy\" decoding=\"async\" width=\"800\" height=\"662\" src=\"https:\/\/ofycumi.com\/wp-content\/uploads\/2024\/04\/CONVENIO-DGA.jpg\" class=\"attachment-large size-large wp-image-1501\" alt=\"\" srcset=\"https:\/\/ofycumi.com\/wp-content\/uploads\/2024\/04\/CONVENIO-DGA.jpg 990w, https:\/\/ofycumi.com\/wp-content\/uploads\/2024\/04\/CONVENIO-DGA-300x248.jpg 300w, https:\/\/ofycumi.com\/wp-content\/uploads\/2024\/04\/CONVENIO-DGA-768x635.jpg 768w\" sizes=\"auto, (max-width: 800px) 100vw, 800px\" \/>\t\t\t\t\t\t\t\t\t\t\t\t\t\t\t<\/div>\n\t\t\t\t<\/div>\n\t\t\t\t<div class=\"elementor-element elementor-element-ca2fcfa elementor-widget elementor-widget-text-editor\" data-id=\"ca2fcfa\" data-element_type=\"widget\" data-widget_type=\"text-editor.default\">\n\t\t\t\t<div class=\"elementor-widget-container\">\n\t\t\t\t\t\t\t<p style=\"text-align: center;\"><strong><a href=\"https:\/\/ofycumi.com\/wp-content\/uploads\/2024\/04\/PUBLICACION-EN-EL-BOA.pdf\">Convenio de colaboraci\u00f3n entre el Gobierno de Arag\u00f3n y la Comarca de Cuencas Mineras<\/a><\/strong><\/p>\t\t\t\t\t\t<\/div>\n\t\t\t\t<\/div>\n\t\t\t\t<\/div>\n\t\t<div class=\"elementor-element elementor-element-9a03e15 e-con-full e-flex e-con e-child\" data-id=\"9a03e15\" data-element_type=\"container\" data-settings=\"{&quot;content_width&quot;:&quot;full&quot;}\">\n\t\t\t\t<div class=\"elementor-element elementor-element-debfe3b elementor-widget elementor-widget-image\" data-id=\"debfe3b\" data-element_type=\"widget\" data-widget_type=\"image.default\">\n\t\t\t\t<div class=\"elementor-widget-container\">\n\t\t\t\t\t\t\t\t\t\t\t\t\t\t\t<img loading=\"lazy\" decoding=\"async\" width=\"800\" height=\"660\" src=\"https:\/\/ofycumi.com\/wp-content\/uploads\/2024\/04\/CONVENIO-ofycumi.jpg\" class=\"attachment-large size-large wp-image-1503\" alt=\"\" srcset=\"https:\/\/ofycumi.com\/wp-content\/uploads\/2024\/04\/CONVENIO-ofycumi.jpg 992w, https:\/\/ofycumi.com\/wp-content\/uploads\/2024\/04\/CONVENIO-ofycumi-300x248.jpg 300w, https:\/\/ofycumi.com\/wp-content\/uploads\/2024\/04\/CONVENIO-ofycumi-768x634.jpg 768w\" sizes=\"auto, (max-width: 800px) 100vw, 800px\" \/>\t\t\t\t\t\t\t\t\t\t\t\t\t\t\t<\/div>\n\t\t\t\t<\/div>\n\t\t\t\t<div class=\"elementor-element elementor-element-0cd29a0 elementor-widget elementor-widget-text-editor\" data-id=\"0cd29a0\" data-element_type=\"widget\" data-widget_type=\"text-editor.default\">\n\t\t\t\t<div class=\"elementor-widget-container\">\n\t\t\t\t\t\t\t<p style=\"text-align: center;\"><strong><a href=\"https:\/\/ofycumi.com\/wp-content\/uploads\/2024\/04\/CONVENIO-FIRMADO-COMARCAOFYCUMI-SEDE-ELEC.pdf\">Convenio de colaboraci\u00f3n entre la Comarca de Cuencas Mineras y OFYCUMI<\/a><\/strong><\/p>\t\t\t\t\t\t<\/div>\n\t\t\t\t<\/div>\n\t\t\t\t<\/div>\n\t\t\t\t\t<\/div>\n\t\t\t\t<\/div>\n\t\t\t\t\t\t\t<\/div>\n\t\t","protected":false},"excerpt":{"rendered":"<p>OFYCUMI se ocupa desde este 2024 de la gerencia del Plan de Sostenibilidad Tur\u00edstica en Destino de la Comarca de Cuencas Mineras.\u00a0 Este Plan consiste en la adecuaci\u00f3n hasta las Ventas de Muniesa de la antigua l\u00ednea de Ferrocarril que un\u00eda Utrillas con Zaragoza y el tramo de la antigua l\u00ednea de ferrocarril que un\u00eda [&hellip;]<\/p>\n","protected":false},"author":2,"featured_media":0,"parent":0,"menu_order":0,"comment_status":"closed","ping_status":"closed","template":"","meta":{"footnotes":""},"class_list":["post-1310","page","type-page","status-publish","hentry"],"_links":{"self":[{"href":"https:\/\/ofycumi.com\/index.php\/wp-json\/wp\/v2\/pages\/1310","targetHints":{"allow":["GET"]}}],"collection":[{"href":"https:\/\/ofycumi.com\/index.php\/wp-json\/wp\/v2\/pages"}],"about":[{"href":"https:\/\/ofycumi.com\/index.php\/wp-json\/wp\/v2\/types\/page"}],"author":[{"embeddable":true,"href":"https:\/\/ofycumi.com\/index.php\/wp-json\/wp\/v2\/users\/2"}],"replies":[{"embeddable":true,"href":"https:\/\/ofycumi.com\/index.php\/wp-json\/wp\/v2\/comments?post=1310"}],"version-history":[{"count":6,"href":"https:\/\/ofycumi.com\/index.php\/wp-json\/wp\/v2\/pages\/1310\/revisions"}],"predecessor-version":[{"id":1507,"href":"https:\/\/ofycumi.com\/index.php\/wp-json\/wp\/v2\/pages\/1310\/revisions\/1507"}],"wp:attachment":[{"href":"https:\/\/ofycumi.com\/index.php\/wp-json\/wp\/v2\/media?parent=1310"}],"curies":[{"name":"wp","href":"https:\/\/api.w.org\/{rel}","templated":true}]}}